Suppose 0*z + 2*z + p*q = 12, j*q - 24 = -5*z. What are the prime factors of z?
3
Let r be 18/7*(-196)/(-21). Suppose r - 135 = s. Let z = s + 220. What are the prime factors of z?
109
List the prime factors of (-6700254)/(-110) + (-9)/(-15).
2, 3, 47
Suppose -3*k - 4*u + 8*u + 310 = 0, -335 = -3*k - u. Let d be 108 + (3/20 + (-42)/56)*5. Let a = k - d. List the prime factors of a.
5
Suppose 0 = -34*d + 21*d + 78104. List the prime factors of d.
2, 751
Suppose 0 = g + 3*v - 23, 2*g - 9 = g + 4*v. Suppose -o = g*o - 4572. List the prime factors of o.
2, 127
Let y = 1205 - 1225. Let s(j) = 2*j**2 - 5. Let h be s(-5). Let x = y + h. What are the prime factors of x?
5
Suppose 3*p + 15 = 0, 0*p - 3*p = 3*y + 33. Let u(g) = 49*g + 25. Let x be u(y). Let v = -161 - x. What are the prime factors of v?
2, 3
What are the prime factors of 14316 + 1 - (-3 + 4)*-7?
2, 3581
Let i = 839 + -4342. Let k = -2273 - i. Suppose 0 = -20*l + 26*l - k. What are the prime factors of l?
5, 41
Suppose -4*s - 160 = 3*c, -4*c + 3*s + 2*s - 172 = 0. Let w be (4 - -4) + -6 - (-118 - 0). Let b = c + w. What are the prime factors of b?
2, 3
Suppose -1 = -5*f + 3*h, 0 = 2*f - 0*h + 2*h - 10. Suppose f*y + 43 = -u, 8 + 6 = -y + 2*u. Let j = y - -66. List the prime factors of j.
2, 23
Suppose -d + 96 = -489. Suppose 4*i = 111 + d. Suppose 0 = -4*z + 6*z - i. List the prime factors of z.
3, 29
Let f = 103596 + -61646. List the prime factors of f.
2, 5, 839
Suppose 4*w - 1505 = -3*w. Suppose 5*c - b = w, 0 = c - 2*c - 3*b + 43. Suppose -7*a + 41 = -c. What are the prime factors of a?
2, 3
Let l = 6668 - 1352. What are the prime factors of l?
2, 3, 443
Suppose -7*p = -10*p + 4*n - 29, 2*n - 7 = -p. Let o(u) = 80*u**2 + 17*u + 49. List the prime factors of o(p).
2, 359
Suppose -h - 8*l - 3 = -10*l, l = -h - 3. What are the prime factors of ((-1)/(25/(-45)))/(h/(-190))?
2, 3, 19
Let o(q) = 51*q**2 + 102*q + 3. Suppose -10*i + 8 = 58. List the prime factors of o(i).
2, 3
Let t = -39 - -29. Let k be (-113)/(-3 - 35/t). Let i = -157 - k. What are the prime factors of i?
3, 23
Suppose -58*a + 56*a = -416. Let w be 6/(-15) - (-667)/5. Let l = a - w. What are the prime factors of l?
3, 5
Suppose -5*b + 1605 = -3*a - 1876, -1390 = -2*b + 2*a. Let y = b - -547. List the prime factors of y.
3, 5, 83
Suppose -5*g + 2*n = 0, g + 2*n = -3*g. Suppose 4*d - 3*h = -49, 4*h + 0 + 4 = g. Let p = 43 - d. List the prime factors of p.
2, 7
Let u be 0/(-2 + 7 - 3). Suppose 3*d - 4 - 11 = u. Suppose 2*f = -2*x + 54, -f + d*x + 7 = x. What are the prime factors of f?
23
Let g(c) = 344*c - 876. List the prime factors of g(9).
2, 3, 5, 37
Let f be (-2)/(2/18*522/(-116)). Let k be 2*1*3/2. Suppose 3*p - 245 = f*w, k*w + w = 4. What are the prime factors of p?
83
Let n(p) = 80*p - 2*p**2 - 2 - 76*p + 10. Let l be n(-2). What are the prime factors of (-1332)/l - (-5)/10?
167
Let y(d) = d**3 - 55*d**2 - 51*d + 145. List the prime factors of y(61).
2, 5, 11
Suppose 30136 + 20925 = 3*h - 2*z, 2*h + z - 34043 = 0. What are the prime factors of h?
17021
Let n(v) = -3*v + 37. Let l(z) = 6*z - 75. Let r(w) = 4*l(w) + 7*n(w). Let h be r(15). Suppose -322 = -h*g - 2*k, -2 = -k + 3*k. List the prime factors of g.
3
Let p be (-52)/(-39)*(3/2)/1. Let j(q) = 11*q + 43. What are the prime factors of j(p)?
5, 13
Suppose 2*a - 3*n - 111 = 0, -9*a - 2*n = -6*a - 134. Suppose -53*r = -a*r - 1120. List the prime factors of r.
2, 7
Suppose -4 = -4*t + 4, -4*o = 3*t - 6350. Suppose 59*n = 61*n - o. What are the prime factors of n?
13, 61
Suppose 25*v - 834907 + 71186 = 1062379. List the prime factors of v.
2, 3, 2029
Let u(q) = q**2 - 29*q - 1. Let g be u(31). Let t = 79 - g. Suppose -t*d = -21*d + 411. What are the prime factors of d?
137
What are the prime factors of 310222/8 + 1 + 132/(-176)?
2, 3, 23, 281
List the prime factors of (12/6)/(16/503232).
2, 3, 2621
Suppose 5*v - 2*i + 20 = 0, -2*v - 2*i - 14 = -4*i. What are the prime factors of (0/(-8) + -1)*(-629 - v)?
3, 11, 19
Let k = 3349 - -22775. What are the prime factors of k?
2, 3, 7, 311
Let d be -17 + 6 + (-4 - -9). Let w be -50 - -6*2/d. Let u = 8 - w. What are the prime factors of u?
2, 3, 5
Suppose -2*j = 5*h - 82644, j + 22601 = 2*h - 10453. List the prime factors of h.
2, 1033
Let z(k) = 211*k + 70*k - 37 - 116*k. List the prime factors of z(2).
293
Suppose 8*j + 4*j - 10*j = 5018. What are the prime factors of j?
13, 193
Suppose 0 = y - 3*o + 28, 103*o - 102*o = 2. List the prime factors of 26 + y - (-1169 + 0).
3, 17, 23
Suppose 5*r = -2*d - 109, 9*r - 4*r = -25. What are the prime factors of (-4)/(-2)*(-2961)/d?
3, 47
Suppose m + 119 = -a, -3*a + 5*a - 8 = 0. Let d = m - -397. List the prime factors of d.
2, 137
Let w be 6 - -6*1/(-3). Suppose -156 = -2*a + 4*r, w*a + 0*r - 292 = -2*r. Suppose 2*t - a = 62. What are the prime factors of t?
2, 17
Let y = 935 - -16865. List the prime factors of y.
2, 5, 89
Suppose 39*d + 23*d - 11*d - 927282 = 0. List the prime factors of d.
2, 9091
Let m = -26 - -30. Let h be ((-8)/(-5))/(m/120). Suppose -4*o + 5*k + 1 = -h, -5*k = 3*o - 28. List the prime factors of o.
11
Let x(q) = q**3 + q**2 - 4*q - 1. Let u be x(-2). List the prime factors of (-12)/12 + 87/(6 - u).
2, 7
Let y be (-2)/9 + (-120)/(-54). Let l be (-4)/(-1) - (6/y - 2). List the prime factors of 217/l + (-3)/9.
2, 3
Suppose -4*g + 2*x = -29880, -3650 + 40998 = 5*g - 3*x. Suppose -15*z - z = -g. List the prime factors of z.
467
Let j = -5 + -72. Let b = -40 - j. What are the prime factors of b?
37
What are the prime factors of (24 - (-5 + 144))*-487?
5, 23, 487
Let z = 122 + -149. What are the prime factors of 6/(-54) - 1623/z?
2, 3, 5
Let b = -1597 + 1599. Let d be (-8 - (-2 + 0))/1. What are the prime factors of d*(-47)/b*1?
3, 47
Let m(x) = -50*x**3 - 3*x**2 + 18. Let z be m(3). Let c = z - -2629. What are the prime factors of c?
2, 5, 127
Let u = 53 + -51. Suppose -3*l + 11 = -u*r, 10 = 3*r - 5. Let o = 146 + l. List the prime factors of o.
3, 17
Let d = -205 + 0. Let t = -296 - d. Let j = -39 - t. List the prime factors of j.
2, 13
Suppose 38408 + 15392 = 4*k + 3*y, 2*y + 67250 = 5*k. Suppose -15*c = 10*c - k. List the prime factors of c.
2, 269
Let p(z) = 4*z + 23*z + 23 - z + 2*z. What are the prime factors of p(2)?
79
Let c be (-8 - 12/(-6)) + (5 - -43). List the prime factors of (-3170)/(-4) - 21/c.
2, 3, 11
Let p(l) = -l**3 + 8*l**2 + l - 33. Let o = 15 + -8. What are the prime factors of p(o)?
23
Suppose 4*x + q - 21 = 0, -22 = -2*x - 2*x - 2*q. Suppose x*d - 807 = 2*d. Suppose -7*w + 1816 = d. List the prime factors of w.
13, 17
Suppose -9*g - 13*g + 110 = 0. Let o(n) = 3*n**2 - 1. Let l be o(1). Suppose -3*k - 317 = -g*p, -2*p + 251 = l*p - 5*k. What are the prime factors of p?
2
Let t(p) = -p**2 - 10*p + 4. Let u(j) = j**3 - 27*j**2 - j - 19. Let k be u(27). Let f = k + 40. List the prime factors of t(f).
2, 7
Let j(o) = -o**2 + 5*o + 18. Let q be j(-5). Let r = -221 + q. Let p = r - -441. What are the prime factors of p?
2, 47
Let c = 47 + -61. What are the prime factors of c/2 + 4 + 348?
3, 5, 23
List the prime factors of (-30117)/(-4) - (-1305)/(-580).
3, 13, 193
What are the prime factors of 16382 - 2 - 0/(-5 + 9 + -2)?
2, 3, 5, 7, 13
Suppose 18 + 22 = 5*v. Suppose -v*d + 3*d + 3*k = -637, 4*d = -3*k + 488. What are the prime factors of d?
5
Suppose 122*k - 130*k = -11144. Suppose -4*i + k = -75. List the prime factors of i.
367
Suppose 35 = 11*q - 4*q. Suppose 12 = -2*s + 4*s - m, -40 = -q*s + 5*m. Suppose 0*z = -3*z + s*g + 420, g = 3*z - 411. List the prime factors of z.
2, 17
Suppose -450*p + 133212 = -416*p. What are the prime factors of p?
2, 3, 653
Let h = 7422 + -3006. What are the prime factors of h?
2, 3, 23
Let j be (1 + (-2866)/(-2))*4/12. Let h = -201 + j. Suppose -h - 75 = -4*g. List the prime factors of g.
2, 11
Let n(w) be the second derivative of 1/2*w**2 + 10*w**3 + 13*w + 0. What are the prime factors of n(1)?
61
List the prime factors of (-2)/48*-6*-3442*-4.
2, 1721
Suppose 4*s = -4*h + 2*h - 658, -s = 0. Let v = h - -707. List the prime factors of v.
2, 3, 7
Let l be 128/(1/((-3)/(-2))). Let n be 11 + 671/33*-6. Let y = l + n. List the prime factors of y.
3
Let g(b) = 110*b**2 - 235*b + 1888. List the prime factors of g